 4/(-30) - (-6286)/(-105). Let z = g + 165. What is the greatest common factor of z and b?
15
Suppose -5*r = -7*r + 18. Suppose 0 = -0*u + 3*u + 2*f - 17, u = 4*f + 29. What is the greatest common factor of r and u?
9
Let f = 50 + 315. Let j = -257 + f. Calculate the greatest common divisor of j and 12.
12
Let t be (-2)/4 - 26/4. Let w(q) = q**2 - 9. Let n be w(t). Suppose 4*h - 17 = 47. What is the greatest common divisor of n and h?
8
Suppose -2*l - 3*l = -50. Suppose -5*j = -3*j - 6. Let h be -14*-1*(j - -2). What is the greatest common factor of l and h?
10
Let s = 7 - 80. Let l = s + 42. Let d be 1*(2 - 0 - l). What is the greatest common factor of d and 3?
3
Let t be (5/(-3))/(2/(-6)). Let r(j) = -5 + 8 + 8*j + 2. Let z be r(t). Calculate the greatest common divisor of z and 18.
9
Suppose t - r - 1 = 3, t - 4*r + 8 = 0. Calculate the greatest common factor of t and 44.
4
Suppose -30 = -3*o - 15. What is the greatest common divisor of o and 5?
5
Let g(r) = 2*r + 4. Let a be g(6). Let o be (1 - -45) + -4 - 2. Calculate the highest common divisor of a and o.
8
Let b(o) = -o**2 - 8*o + 7. Let m = -19 + 13. Let s be b(m). What is the greatest common factor of 57 and s?
19
Let l = 80 + -32. Let m = -7 + 13. Let q be 68/m - (-6)/9. What is the highest common factor of l and q?
12
Let o be (-10)/60 - (-62)/12. Suppose -o*q = 2*m - 0*q - 7, -2*q = -3*m + 20. Calculate the greatest common divisor of m and 18.
6
Let l be (-42)/(-4) - 2/4. Suppose 5*k + k - 300 = 0. What is the highest common factor of l and k?
10
Let s be 2/8 - 287/(-4). Let u be (-10)/3*(6 - 3). Let p be (-78)/(-10) - 2/u. Calculate the highest common factor of s and p.
8
Suppose 0*f + 5*f - 3*i - 62 = 0, 3*f - i = 34. Let k = 29 - 19. What is the greatest common divisor of f and k?
10
Let m be (-4)/18 + (-68)/18. Let c = 8 + m. What is the greatest common divisor of 2 and c?
2
Suppose -z = 4*t + 69, 48 = -2*t + 5*z - z. Let k = -7 - t. What is the greatest common factor of 121 and k?
11
Suppose 4*t = -14 + 6. Let a be (t/4)/(1/(-34)). Calculate the greatest common divisor of a and 17.
17
Let i(l) = l + 65. Suppose 0 = -2*f - f. Let q be i(f). Suppose 4*d - 3*h - 40 = 0, 4*d + 3*h + 0 = 64. Calculate the highest common divisor of q and d.
13
Let z(o) = -o**3 + 2*o + 10. Let d be z(-4). What is the greatest common divisor of 6 and d?
6
Let j = -3 + 6. Suppose -j*y - 7 + 43 = 0. Let b = -11 + 14. Calculate the highest common factor of b and y.
3
Let i = -67 + 97. Let r be (-822)/(-90) - 4/i. Calculate the greatest common divisor of 27 and r.
9
Let l(i) = -i**2 + 6*i - 1. Let k be l(5). Suppose -g + 5*g = -36. Let o be -3*6/g - -34. Calculate the greatest common factor of k and o.
4
Let t(u) = u**2 - 7*u + 8. Let z be t(7). Let l be z/52 - (-4206)/39. Calculate the greatest common divisor of l and 12.
12
Let y(n) = 6*n + 8 - 2*n + n. Let j be y(6). Calculate the highest common factor of j and 19.
19
Let u(v) be the third derivative of v**5/60 + v**4/6 - v**3/6 + v**2. Let b be u(5). Calculate the greatest common divisor of 22 and b.
22
Suppose o + o = 4. Suppose 76 = 4*x - o*s - 2*s, -4*s - 4 = 0. Let c be (8/32)/((-1)/(-8)). What is the highest common divisor of c and x?
2
Let c be (-1 + 4)/(7/21). Let g be -1*1 + 42/2. Suppose -3*b = 2*t + 4 + 3, -g = 5*b + 5*t. What is the highest common divisor of b and c?
1
Let p(b) = b**2 + 7*b + 2. Let f be p(-7). Let q = -14 + 32. Let c be (1/(3/q))/2. Calculate the highest common factor of c and f.
1
Suppose 2*p - 4 = -0*g - 4*g, 0 = 4*g + 4. Suppose p*h = h + 15. Suppose n - 2*o + 6 = -h*o, 3 = 2*n + o. Calculate the highest common factor of 6 and n.
3
Let y be (1*2)/((-3)/(-6)). Calculate the highest common divisor of 28 and y.
4
Suppose 4*z + 3*v - 3 = 0, -12 = -3*z - 4*v + 5*v. What is the highest common factor of 24 and z?
3
Suppose 2*r = 4*i - 8, 3*r - 3*i + 1 = -r. Calculate the greatest common divisor of r and 14.
2
Let s = 99 + 132. Calculate the greatest common factor of 21 and s.
21
Let h(u) = u**2 - 8*u - 6. Let n be h(9). Suppose 7*j - n = 6*j. Calculate the greatest common divisor of 3 and j.
3
Let f(h) be the first derivative of -h**2/2 + 33*h + 1. Let y be f(0). Let x = -173 - -184. What is the greatest common factor of y and x?
11
Let l be (164/10)/(4/10). What is the highest common factor of 451 and l?
41
Let p = -15 - -31. What is the highest common factor of p and 64?
16
Let i(l) = -2*l**3 - 8*l**2 - 3*l + 5. Let m be i(-6). Suppose 317 = 2*z - 29. Suppose z = 4*s - m. What is the highest common factor of 17 and s?
17
Suppose -5*c = -5*w - 113 - 12, 5*w = -3*c + 115. Calculate the highest common divisor of 6 and c.
6
Let z = 20 + -5. What is the highest common factor of z and 15?
15
Let o be (-1)/1 + (-1 - -4). Let t = 6 - o. Let y be t/(4/3) + 14. Calculate the highest common divisor of y and 51.
17
Suppose 3*p - 3 = 0, 0 = h - 4*p - 9 - 17. Calculate the highest common factor of h and 20.
10
Let w(y) = 3*y - 7. Let q be (-28 + 1)*(-1)/3. Let k be w(q). What is the highest common factor of 4 and k?
4
Let i(f) = 5*f + 18. Let t be i(16). Let n be (14/3)/((-1)/(-3)). Calculate the greatest common divisor of n and t.
14
Suppose -3*g - 18 = -183. Calculate the greatest common divisor of 11 and g.
11
Suppose 0 = 3*v - 2*w - 113, 6*w - 230 = -5*v + w. Let a = 68 - v. Calculate the highest common divisor of 189 and a.
27
Suppose 5*p - 20 = 5*j, 6*p - 2*p = -2*j + 16. Let h = p - -1. Calculate the highest common factor of 55 and h.
5
Suppose -4*c + 40 = 4*r, r - c = -0*c + 4. Suppose -3*i + 14 = 2*g, 3*g - 3*i = -g - 8. What is the highest common factor of r and g?
1
Suppose -3*r + 7 = -3*s - 5, s = 3. Calculate the highest common divisor of r and 35.
7
Let t(y) = -2*y**2 + 23*y + 8. Let h be t(6). What is the greatest common divisor of 185 and h?
37
Let o be 18/99 - 2/11. Let v(k) = k**3 + 4*k**2 - 3*k. Let h be v(-3). Suppose o*p - 3*p + h = 0. What is the greatest common factor of p and 9?
3
Suppose 5*l + 115 = 4*u, -l + 2*l = u - 29. Suppose 0 = -h - 4*h + 100. What is the greatest common factor of h and u?
10
Let j be 9/2*(7 + 1). What is the greatest common factor of j and 9?
9
Suppose -3*n = -8*m + 3*m - 20, 40 = 2*n + 2*m. What is the highest common factor of n and 75?
15
Let a(v) = -v - 1. Suppose -3 = -2*l - 5. Let r be a(l). Suppose -23 = -r*z - z. What is the highest common divisor of 69 and z?
23
Let o(n) = 4*n + 7. Let i = -10 + 14. Let r be o(i). What is the highest common factor of r and 207?
23
Let i = 131 + -85. What is the highest common divisor of 322 and i?
46
Suppose -38 = 2*y - 0*y. Let s be (18/45)/(2/(-170)). Let b = y - s. What is the highest common factor of b and 10?
5
Let j be 7 - (-30)/(-6 - 0). What is the highest common factor of j and 32?
2
Let k be -1*13*(-2 - -1). Let x = k - 4. What is the greatest common divisor of x and 72?
9
Let j(o) = o**3 + 6*o**2 - 8*o - 1. Let x be j(-7). What is the greatest common factor of x and 8?
2
Let p = 50 - 22. Let k be ((-32)/(-20) - 4)/(6/(-105)). Calculate the highest common factor of k and p.
14
Let b(c) = 2*c**3 + c**2 + 3*c. Let i be 1/(-4) - 52/(-16). Let a be b(i). What is the highest common divisor of a and 9?
9
Let q = -67 - -160. What is the highest common divisor of q and 124?
31
Let t be ((-19)/(-5) + -1)*5. Let q(n) = -n**2 + 3*n - 3. Let m be q(3). Let a be (11 + -8)*(-14)/m. What is the highest common divisor of t and a?
14
Let c = 37 + -31. Let x(o) = -o + 6. Let j(r) = 3*r - 13. Let n(h) = 3*j(h) + 7*x(h). Let q be n(3). What is the greatest common factor of q and c?
3
Let d(y) = -2*y**2 + 9 + y**3 + 6*y - 3*y**2 - 19*y. Let i be d(9). What is the highest common divisor of 24 and i?
24
Let o be (-3)/18 - 834/(-36). Calculate the greatest common divisor of 69 and o.
23
Let d = 17 + 21. Suppose -5*u - 5*t + 110 = 20, -2*u = 3*t - d. What is the greatest common factor of u and 24?
8
Let q be 0/1 + 2 + 0. Let v be 3/(-6)*q - -185. Suppose 2*i = -3*y + 128, y = -3*y + 4*i + v. Calculate the highest common divisor of y and 11.
11
Let t be 276/18 + 4/6. What is the greatest common divisor of t and 40?
8
Let d = -304 - -472. Suppose 0 = 5*a - a - d. Let f = 1 - -6. What is the highest common factor of f and a?
7
Let i = -98 - -118. Let x be 4/(-6